d 654.
6
Let s be (-3)/(-2)*(-3 + 9). Let m(l) = 3*l**2 - 20*l + 49. Let q be m(5). What is the greatest common factor of q and s?
3
Let m be (-93)/(1/(-2*2/4)). What is the highest common divisor of 279 and m?
93
Let b = -42 + 7. Let a = 51 + b. Suppose 3*o + 3*h = 63, 2*o + 3*h - 174 = -135. Calculate the highest common factor of o and a.
8
Suppose 3*g - 4*f + 6 = -f, -22 = g - 5*f. Let a be (-2)/g + 132/9. Suppose 4*u = -12*u + 672. Calculate the highest common divisor of u and a.
14
Let p = 1148 + -638. Suppose p = 6*s - 18. Calculate the highest common factor of s and 308.
44
Let x = -933 - -951. Let d(s) = s**2 - 7. Let l be d(-5). What is the greatest common factor of x and l?
18
Let k(c) = 2341*c**2 - 26*c - 41. Let f be k(-2). Calculate the highest common divisor of f and 30.
15
Let s be (-14)/(-1) + -18 - -8. Suppose 2*l = -w + 16, -5*w - 2*l + 7 = -57. Calculate the highest common divisor of s and w.
4
Let t be (-6321)/(-210) + 3/(-30). What is the highest common factor of 105 and t?
15
Let u be 1470/35 + (-3 + 3 - 0). What is the highest common factor of 642 and u?
6
Let p = -3277 + 3790. Calculate the greatest common divisor of 361 and p.
19
Let z be 416/4 - (36 - 23). Let s = -7 + 14. What is the greatest common factor of s and z?
7
Let q(d) be the first derivative of 3*d**4/4 + d**3/3 + d**2/2 - 3*d + 33. Suppose 21 = 3*m + 15. Let b be q(m). Calculate the highest common factor of 3 and b.
3
Let r = 1539 - 1467. What is the greatest common divisor of 1752 and r?
24
Let z(s) = 20*s**3 + 2*s**2 - 245*s + 753. Let j be z(3). Suppose -3*p = f - 33, -4*f - 19 = p - 96. Calculate the highest common factor of f and j.
18
Let t = 2029 + -1876. What is the greatest common divisor of 68 and t?
17
Let x(q) = q**2 + 23*q - 25. Let v be x(-24). Let d be (6/(-21))/(v + (-238)/(-245)). What is the greatest common factor of 250 and d?
10
Let t be (-2 - 1 - 0) + (-440)/(-44). Let o(m) = 4*m**2 + 10*m - 54. Let f be o(t). Calculate the greatest common divisor of 53 and f.
53
Let j(f) = 3*f**2 - 16*f + 2. Let l be j(-7). Suppose -5*b = -a + 4*a - 136, -61 = -2*b + a. Calculate the highest common divisor of l and b.
29
Let j = -25804 + 25815. Let q = 292 + -149. Calculate the greatest common divisor of q and j.
11
Suppose 0 = -173*c + 169*c + 24. Suppose 2*r = -5*l + 626, -c*r + 624 = 5*l - 3*r. What is the highest common factor of l and 168?
42
Let d be 9 - (0 + 4) - 0. Suppose -4*i + 5269 = -d*k, 1286 = i - 2*k + 7*k. Calculate the greatest common factor of i and 57.
57
Suppose 873*z - 5752 = 3018 - 913. Let r = -3 - 1. Let b be 1/(-2) - 326/r. Calculate the highest common factor of b and z.
9
Let j(w) = w**2 + 6*w. Let n be j(-6). Suppose n = -5*t + t + 500. Suppose -10*u + 143 = -357. Calculate the greatest common divisor of t and u.
25
Let r(d) = d**2 + 21*d - 1187. Let l be r(26). Calculate the highest common divisor of l and 112.
7
Let z(r) = -5*r + 82. Let k be z(8). Suppose 32*i = k*i - 110. Let y be (-6)/(-1 - (-19)/22). Calculate the greatest common factor of i and y.
11
Let n = 2927 + -2805. Calculate the highest common factor of 2867 and n.
61
Let t(b) = -2*b - 18. Let w be t(-3). Let i be 2/7 - (-1)/(-7)*w. Suppose i = u - 0*u - 3*j, 8 = 2*j. Calculate the highest common divisor of u and 28.
14
Let i = 526 - 518. What is the highest common divisor of i and 648?
8
Suppose -x = 2*m + m - 28, m + 108 = 5*x. Suppose 0 = -x*c + 115 + 83. What is the highest common factor of c and 261?
9
Suppose 4*a + 2 - 62 = 0. Suppose 0*b = w - 5*b - 80, -w + 3*b = -72. Suppose 8*g = 2*g + w. Calculate the greatest common factor of g and a.
5
Suppose -17*y + 4344 = -14*y. Let n = y + -594. Calculate the greatest common divisor of n and 14.
14
Suppose -7 + 12 = 5*a. Let w be (23 + a)*30/35*7. Suppose 5*n + 40 - 216 = 4*p, 0 = -4*n + p + 143. What is the highest common divisor of w and n?
36
Suppose 2*f = -6, 257 = 3*s - 4*f + 95. Let b = 51 - s. Let c be (-45)/(-10)*2/b. What is the greatest common divisor of 117 and c?
9
Suppose -4*v = -5*r + 10*r - 438, -4*r + v = -363. Let f be 1/((-9)/(-3))*r. Calculate the highest common divisor of 870 and f.
30
Let h be 14 - 123570/(-50) - (-1 + (-2)/(-5)). What is the highest common factor of 22 and h?
22
Let k(r) = 11*r**2 - 5*r + 5. Let f be k(7). Let m = -267 + f. Calculate the greatest common factor of m and 66.
22
Let w = 12763 + -12566. Calculate the highest common factor of w and 21473.
197
Suppose -34*p - 20 = 252. Let u be 9 - (0 - (p - -81)). What is the greatest common factor of u and 123?
41
Let z(d) = d**3 + 9*d**2 - 4*d - 47. Let w = -559 - -551. Let m be z(w). Calculate the greatest common factor of 77 and m.
7
Suppose -3*w + 9 = -w + f, 4*f = -w + 15. Suppose w*m - 2*l + 6*l - 191 = 0, -5*m - 3*l + 300 = 0. Calculate the greatest common factor of m and 3.
3
Let r(a) = -2*a + 24. Let k(t) = -3*t + 50. Let q(y) = 3*k(y) - 5*r(y). Let d be q(20). What is the highest common factor of d and 25?
25
Suppose 0 = -10*q - 4*q + 5936. Let g = 59 - 6. What is the highest common factor of q and g?
53
Let x(o) = 3*o - 22. Let y be x(7). Suppose -u - 142 = 98. Let r be y/(-3 + (-715)/u). Calculate the highest common factor of r and 12.
12
Suppose 218 = q + 5*i, 62*q = 58*q + i + 851. What is the greatest common divisor of q and 923?
71
Suppose -8*q + 3799 - 327 = 0. Suppose q = 14*y - 0*y. Calculate the greatest common factor of y and 837.
31
Suppose -5*l = -d - 3*d + 105, 0 = 3*l + 5*d + 63. Let q be (-28)/l - (-2661)/9. What is the highest common divisor of q and 11?
11
Suppose 10*r = -4*r + 2184. Suppose r = 17*n - 813. What is the highest common factor of 38 and n?
19
Suppose 2*s + 456 = 4*w - 2040, 4*s = 4*w - 2488. Let x = w - 585. Calculate the greatest common divisor of x and 451.
41
Suppose -152 = -35*h + 198. Suppose -1021 = -5*f + 129. What is the highest common factor of f and h?
10
Suppose 2*k = -3*y + 6, -4*k = 3*y + 2 - 8. Suppose -g + y = -1. What is the greatest common factor of g and 42?
3
Let s(q) = 237*q - 3298. Let b be s(14). Suppose 3*d = -o - 52 + 312, 0 = -4*d - 4*o + 360. Calculate the highest common divisor of d and b.
5
Let h(z) = z**2 - z + 96. Let y be h(0). Suppose 0 = -3*a + 7*a + 5*f - 187, 2*a + 2*f = y. Let j = -41 + a. Calculate the greatest common divisor of 12 and j.
12
Let b(r) = -3*r - 19. Let c be b(-7). Suppose -11*s + 15*s = c*x - 918, 2*s = 6. Calculate the greatest common divisor of 15 and x.
15
Suppose -6*l + 142 = 16. Suppose -3*w = -192 + 129. Calculate the greatest common factor of w and l.
21
Suppose 0 = 2*w - 2*l - 440, 21*l = -2*w + 22*l + 440. What is the greatest common factor of 396 and w?
44
Let p(c) be the third derivative of -c**5/60 - 3*c**4/4 - 61*c**3/6 + 10*c**2 + 2*c. Let s be p(-8). Calculate the highest common divisor of 19 and s.
19
Let n be (5 - (2 - 1)) + (-11 - -10). Let t(a) = a**2 + a - 3. Let k be t(n). What is the greatest common divisor of k and 72?
9
Suppose -2*q + 202 = 5*h, -5*h + 242 = 4*q + 38. Suppose 4*o = 9*o - h. Suppose 99 = o*x - 5*x. What is the highest common factor of x and 3?
3
Let m = 7041 - 1671. What is the greatest common factor of m and 6?
6
Let p = -24 - -29. Suppose 9 = p*i - 21. Suppose 6*h + i*h = 108. Calculate the greatest common divisor of h and 3.
3
Suppose -1055*j + 1064*j - 27162 = 0. Suppose 57*b - j = 744. What is the greatest common factor of b and 242?
22
Let v be (174/145)/(-6*(-2)/4900). What is the highest common divisor of v and 40?
10
Let y(i) = i**3 - 8*i**2 + 8*i + 1. Let b be y(7). Let o(d) = -b + 3*d - 4*d + 25. Let g be o(-7). What is the greatest common factor of 48 and g?
24
Let s = -147 + 280. Suppose 13*c - s = 231. Calculate the highest common divisor of c and 12.
4
Let z = 22 + -20. Let a be 45/(5 + -1 - 6/z). Let m be (10/a)/(2/18) - -43. Calculate the greatest common divisor of 27 and m.
9
Suppose -4377*t + 4092*t = -2244 - 15996. Let d be (-150)/8*(-4 + 0). Let q = -27 + d. What is the highest common divisor of q and t?
16
Suppose 8*c - 6 - 186 = 0. Suppose 3*a - 12*t - c = -9*t, -2*t - 6 = 0. Calculate the greatest common factor of 250 and a.
5
Let s(g) = -g**3 + 6*g**2 + 11*g - 20. Let z be s(7). Let f = 38 - 36. Suppose h + 3*c = 15, 2*h + f = -2*c + 44. What is the highest common 